 - y = -9. Calculate h(y).
6
Let y(d) = 4*d**3 + 2*d - 4. Let o(g) = -g**3 - g**2. Let u(b) = -3*o(b) - y(b). Let n be u(3). Let x(j) = -j**3 - 4*j**2 - 3*j - 3. Calculate x(n).
-5
Let h be (2 - 0) + 0 + 1. Let x = 2 - h. Let y be (-1 + x)/((-6)/9). Let f(m) = -2*m + 3. Give f(y).
-3
Let b(q) = -q + 1. Suppose 25 = 5*i, -u - 45 = -6*u - 5*i. Suppose -u*h + 0 = 4. Calculate b(h).
2
Let h(r) = -2*r**3 - 5*r**2 + 4*r. Let v(s) = -3*s**3 - 10*s**2 + 7*s - 1. Suppose -3*p = p - 12. Let l(d) = p*v(d) - 5*h(d). What is l(5)?
2
Let y(f) = 3*f**2 - 1. Let p be 10 - (0 + -1 + 1). Let b be 2/(-5) - (-54)/p. Let h be 6/2 + (3 - b). What is y(h)?
2
Let z(k) = -4*k - 4. Suppose 2*l - 15 = -l. Suppose 0 = 2*j + 8, -3*c - 2*j + 4*j = -l. Let h = c - 2. Determine z(h).
8
Let p(r) be the first derivative of r**3/2 + r**2 + r - 3. Let z(k) be the first derivative of p(k). Suppose -6*y + 15 = -y. Give z(y).
11
Suppose 4*m - 16 = -0*l - 5*l, -l = 5*m - 20. Let y(q) = -q**2 - q + 1. Calculate y(l).
1
Let p(g) be the second derivative of g**4/6 + 5*g**3/6 - 7*g**2/2 - 4*g. Give p(-5).
18
Let w(d) = d**3 + 5*d**2 + 3*d + 6. Let k(c) = c**2 - 7*c + 5. Let a be k(5). What is w(a)?
-9
Let v be (-37)/(-7) - (-22)/(-77). Let s(w) be the second derivative of -w**3/6 + 4*w**2 + 2*w. Let o be s(v). Let z(i) = -i. Determine z(o).
-3
Let q(b) = 2*b**2. Suppose -r + 24 = 3*r. Suppose r - 8 = s. Give q(s).
8
Let p(v) = 1 + 3*v**2 + 7*v - 2*v**3 + 0*v**3 + v**3 - 2*v. What is p(4)?
5
Let z(t) = -6*t - 2. Let w be z(-2). Let g(c) = 0 + w - c + 1. Let n = 136 + -131. Calculate g(n).
6
Let v(t) = -7 + 7 - 10 + t. Let i be (-9)/2*(-8)/6. Give v(i).
-4
Let b(v) be the second derivative of -v**5/20 + 5*v**4/12 - 5*v**3/6 + 5*v**2/2 - 22*v. Suppose 2*t - 10 = -2*j + 2, 3*t - 4*j - 4 = 0. Give b(t).
1
Let m(s) = -s**3 - 3*s**3 - 3*s**2 + 3*s**3 + 0*s - 2*s. What is m(-2)?
0
Let d(u) be the third derivative of -7*u**6/120 - u**3/6 - 2*u**2. Let z = -4 - -5. Give d(z).
-8
Let n(r) be the first derivative of r**4/4 - 4*r**3/3 + 5*r**2/2 - 4*r - 1. Let u be n(3). Let t(z) = z**3 - 2*z**2 - z - 2. Give t(u).
-4
Let v(x) be the third derivative of 0*x**3 + 0 + 3*x**2 + 0*x + 1/24*x**4. What is v(-2)?
-2
Let t(l) = -20 - 5*l + 66 - 24 - 23. Determine t(-3).
14
Let z be 9/6*(-2)/(-3). Let n = -4 + z. Let h(d) = -d**2 - 3*d + 4. Calculate h(n).
4
Let t = 7 - 12. Let x(p) = p + 1. Let f(v) = -6*v - 6. Let a(k) = -2*f(k) - 11*x(k). Give a(t).
-4
Let d be ((-2)/6)/((-4)/(-12)). Let s(z) = -z**2. Let y(t) = -t**3 - 4*t**2 - t + 3. Let o(v) = d*y(v) + 5*s(v). What is o(0)?
-3
Let d(m) = 5*m**3 + m**2 - m - 1. Let y = -12 + 11. Calculate d(y).
-4
Let x(g) be the third derivative of -g**6/120 + g**5/15 - g**4/6 + g**2. Give x(3).
-3
Suppose 8*q - 10 = 3*q. Let f(c) = -2*c + 2*c - 3*c**2 + 2*c**q. Calculate f(0).
0
Let y(a) = -a - 8. Let q be (-46)/(-10) + 2/5. Let o be -1*q/2*-2. Suppose 0 = o*u - u. Give y(u).
-8
Let l be 76/16 - 3/4. Let w(h) = -h + 2. Determine w(l).
-2
Suppose -c = -5*c. Let p = c - -7. Let q(u) = u + 2. What is q(p)?
9
Let n = -4 + 9. Suppose -2*r + 0 + n = -t, -15 = -3*r. Let j(w) = -w**2 + 3*w - 3. What is j(t)?
-13
Let z(c) = 2*c - 1. Suppose -5*n - 25 = 5*l, -3*l + 1 = -4*l + n. Let t be 2*(-1 - l - 1). Give z(t).
3
Let l(n) = -6*n**2 + n - 9. Let u(r) = -r**2 + r - 1. Let q(g) = -l(g) + 4*u(g). Give q(-4).
25
Suppose 3*x - 22 = -2*k + 4*k, -5*x - 22 = 4*k. Let u(v) = -2*v - 12. Let d be u(k). Suppose 2 = -s + y - 3, s + d*y - 5 = 0. Let i(w) = w + 7. What is i(s)?
4
Let y(a) = -4*a**2 + a - a**3 - a**2 - 304 + 308. Calculate y(-5).
-1
Let y(s) = s**3 + 3*s**2 - 5*s - 2. Let p be y(-4). Suppose z = p*z + 2*k + 6, -3*z = 2*k + 6. Let i(f) = f**2 - f + 6. What is i(z)?
6
Let c be (-5)/((-10)/4) + 3. Suppose -c*b + 8 = -7. Let g(d) = 3*d - 11*d + 7*d. Give g(b).
-3
Let g(n) be the first derivative of -n**3/3 + n**2 - n - 3. Let o = 0 + 3. Suppose -o*m - 3*c - 27 = -8*m, 0 = 3*m - c - 13. What is g(m)?
-4
Let c(y) = -y**3 - 4*y**2 + 7*y + 7. Let j be c(-5). Let f(h) = h**3 + 5*h**2 + h - 2. Determine f(j).
13
Let r(m) = -m**2 + 1. Let q(h) = 4*h**2 + 6 - 3*h**2 - h + 3*h. Let s(n) = q(n) - 5*r(n). What is s(-1)?
5
Let j = -15 + 16. Let t(o) = -3*o**3. What is t(j)?
-3
Let y(q) = 8*q. Suppose -3*m + 11 + 40 = 0. Let u = m + -18. Determine y(u).
-8
Let q(h) be the first derivative of -h**4/4 + 7*h**3/3 + 9*h**2/2 - 12*h + 11. Determine q(8).
-4
Let s(d) be the second derivative of -d**4/12 + d**3/2 - d**2/2 - d. Let k be (2/1 - -5) + 0. Suppose -5*q + 3 = -k. Determine s(q).
1
Suppose -5*f + 20 = -5*i, 5*i - 5 = -25. Let o(p) be the third derivative of -3*p**2 - 1/4*p**4 + 1/120*p**6 + 0*p - 1/15*p**5 + f + 1/2*p**3. Determine o(5).
-2
Let m(c) be the first derivative of -c**5/60 + c**4/12 + c**3/3 + 2. Let l(q) be the third derivative of m(q). Determine l(5).
-8
Let a(h) = h**2 - h + 2. Let t(q) = q**2 - q + 2. Let d(w) = 4*a(w) - 3*t(w). Let n(g) = g + 1. Let y be n(-1). Determine d(y).
2
Suppose 2*t = -4*x - 20, -3*t = 2*t. Let o(i) = -4*i - 6. What is o(x)?
14
Let z(n) = -n + 7. Suppose 4*j - 8*j + 28 = 0. Let f be z(j). Suppose f*c - 4*k - 12 = 4*c, -12 = 2*c - k. Let g(w) = w**3 + 6*w**2 + 7*w + 5. What is g(c)?
-5
Let i(v) = -11*v**3 - v**2 + v. Let o(n) = -n + 16. Let y be o(15). Calculate i(y).
-11
Let v be 0 - -2*(2 + (1 - 2)). Let d(q) = -2*q**2 + 4*q - 3. What is d(v)?
-3
Let y(h) = 4*h**3 - 2*h**2 - 2*h + 1. Let z(k) = 3*k**3 - k**2 - k + 1. Let s(x) = 2*y(x) - 3*z(x). Suppose 5 - 2 = 3*l. Let b be (-1 - l - -1)*0. What is s(b)?
-1
Let l be ((-4)/(-5))/((-2)/10). Let p(w) = -w**2 - 5*w + 3. Let g be p(l). Suppose -5*o = -2 + g. Let r(h) = -3*h**3 - 2*h**2 - 2*h - 1. Calculate r(o).
2
Suppose -28 = -6*q + 2. Let g(n) = 3*n - 4. Let o(u) = -2*u + 6. Let k be o(5). Let p(s) = 2*s - 3. Let x(a) = k*p(a) + 3*g(a). What is x(q)?
5
Let l(x) = -x**2 + x. Let h(a) be the second derivative of a**4/12 - 2*a**3/3 + 3*a**2/2 + a. Let s be h(2). What is l(s)?
-2
Suppose h - 5*d - 31 = -3*h, -3*h - 5*d - 3 = 0. Suppose -5*r - 3*k + 12 = -h*r, 0 = 2*r + 2*k - 12. Let w(q) = q**3 - 2*q**2 - q - 1. Give w(r).
5
Let j(x) be the second derivative of x**6/15 - x**4/24 - x**2/2 + 2*x. Let d(s) be the first derivative of j(s). Let y be ((-3)/(-9))/(1/(-3)). Give d(y).
-7
Suppose z - 2 = -7, 4*z = 5*o - 5. Let h(t) = t + 3*t - 1 - 6*t. Calculate h(o).
5
Let n(f) = -f**3 + f - 6. Suppose 244 = r + 3*r. Suppose -25 = -4*c - 4*w - r, -2*c = 3*w + 22. Let b = c - -5. Give n(b).
-6
Let y be ((-30)/25)/(3/(-10)). Suppose 2*l + 0 = 4*u + 16, -y*l = -u - 4. Suppose l = -5*z - 0*z + 3*m - 23, 5*z - 4*m + 24 = 0. Let d(r) = r. Determine d(z).
-4
Let m(d) = -d**3 + 6*d**2 - 7*d + 2. Let o = 62 - 26. Suppose 4*b - 4*y - o = 0, 5*b = -2*y + 4*y + 33. What is m(b)?
-8
Suppose 20 + 0 = 4*u. Let w(x) = x**2 - x + 1. Let t(q) = q**2 - 5*q + 1. Let a be t(4). Let o(i) = -4*i**2 + 7*i + 4. Let d(j) = a*w(j) - o(j). Give d(u).
-2
Suppose 0*c - 4 = -4*c. Let l(g) = -8*g**3 - 1. Give l(c).
-9
Let j(t) = t**3 - 3*t**2 - 5*t + 1. Let v be (18 + -14)/(0 + 1). Calculate j(v).
-3
Let a(z) = -z + 4. Let g(b) = -b**3 + 4*b**2 - 2*b + 5. Let w be g(4). Calculate a(w).
7
Let j(l) = l**2 + l - 5. Let c(x) = x - 1. Let i be c(5). Determine j(i).
15
Let w(m) = m + 2. Let s(b) = b**3 - 3*b**2 - 2*b + 4. Let i be s(4). Suppose f = -5, 5*f = -a + i - 39. Let t = 4 + a. What is w(t)?
4
Let c(b) = -b**3 - 8*b**2 - 4. Let a be c(-8). Let k(z) = -2*z - 4. Let j be k(-4). Let o(y) = -1 + 2*y**2 - 4*y - 3*y**2 + j. What is o(a)?
3
Let b = -11 + 20. Let g be 3/b + 17/3. Let z be 2*3/g - 6. Let q(p) = -p - 4. Determine q(z).
1
Let b(i) be the second derivative of i**5/20 - i**4/4 - 5*i**3/6 + 5*i**2/2 - 21*i. Give b(4).
1
Suppose 5*t + 5 = -5*b, -4*t + 5*b - 31 = -0*t. Let g(s) = -s**2 + 2*s + 3. Let k(c) = c**2 - 3*c - 3. Let n(d) = -4*g(d) - 3*k(d). Calculate n(t).
9
Suppose 3*q - 4 = 5. Suppose q*w = -0*w. Let j(a) = 4*a - 2*a + 1 + w - 3*a. Give j(-3).
4
Let n(c) = -2*c**2 + 7*c - 6. Let p(r) = r + 14. Let h be p(-10). Let x = h + 0. Give n(x).
-10
Suppose 5*a - 7 = 5*m + 13, -5*a + 20 = -3*m. Let w(s) = 2 + m - 2*s - s**3 - 20*s**2 + 17*s**2. What is w(-3)?
8
Let c(r) = -r + 4. Let s(j) = j**2 - 5*j - 10. Let k be s(7). Let a be